{"id":91799,"date":"2025-03-05T22:31:56","date_gmt":"2025-03-06T03:31:56","guid":{"rendered":"https:\/\/demo.rstheme.com\/wordpress\/tekone\/?page_id=91799"},"modified":"2025-04-09T10:25:47","modified_gmt":"2025-04-09T15:25:47","slug":"inversiones-y-donaciones","status":"publish","type":"page","link":"https:\/\/iesjuli.edu.pe\/portal\/inversiones-y-donaciones\/","title":{"rendered":"Inversiones y Donaciones"},"content":{"rendered":"\t\t<div data-elementor-type=\"wp-page\" data-elementor-id=\"91799\" class=\"elementor elementor-91799\">\n\t\t\t\t\t\t<section class=\"default no-position elementor-section elementor-top-section elementor-element elementor-element-159262a elementor-section-boxed elementor-section-height-default elementor-section-height-default wpr-particle-no wpr-jarallax-no wpr-parallax-no wpr-sticky-section-no\" data-id=\"159262a\" data-element_type=\"section\" data-settings=\"{&quot;ekit_has_onepagescroll_dot&quot;:&quot;yes&quot;}\">\n\t\t\t\t\t\t<div class=\"elementor-container elementor-column-gap-default\">\n\t\t\t\t\t<div class=\"elementor-column elementor-col-100 elementor-top-column elementor-element elementor-element-1c82c03\" data-id=\"1c82c03\" data-element_type=\"column\">\n\t\t\t<div class=\"elementor-widget-wrap elementor-element-populated\">\n\t\t\t\t\t\t<div class=\"elementor-element elementor-element-a2f1831 elementor-widget elementor-widget-eael-adv-tabs\" data-id=\"a2f1831\" data-element_type=\"widget\" data-settings=\"{&quot;ekit_we_effect_on&quot;:&quot;none&quot;}\" data-widget_type=\"eael-adv-tabs.default\">\n\t\t\t\t<div class=\"elementor-widget-container\">\n\t\t\t        <div data-scroll-on-click=\"no\" data-scroll-speed=\"300\" id=\"eael-advance-tabs-a2f1831\" class=\"eael-advance-tabs eael-tabs-horizontal eael-tab-auto-active \" data-tabid=\"a2f1831\">\n            <div class=\"eael-tabs-nav\">\n                <ul class=\"eael-tab-inline-icon\" role=\"tablist\">\n                                            <li id=\"\" class=\"inactive eael-tab-item-trigger eael-tab-nav-item\" aria-selected=\"true\" data-tab=\"1\" role=\"tab\" tabindex=\"0\" aria-controls=\"-tab\" aria-expanded=\"false\">\n                                                            <span class=\"eael-tab-title title-before-icon\" ><\/span>                            \n                                                                <i class=\"icon icon-cash\"><\/i>                                                            \n                            \n                                                    <\/li>\n                                    <\/ul>\n            <\/div>\n            \n            <div class=\"eael-tabs-content\">\n\t\t        \n                    <div id=\"-tab\" class=\"clearfix eael-tab-content-item inactive\" data-title-link=\"-tab\">\n\t\t\t\t        <h4><span style=\"text-decoration: underline;\">Inversiones:<\/span><\/h4>\n<p style=\"color: #003369; font-size: 20px;\">No se cuenta con inversiones en los \u00faltimos a\u00f1os.<\/p>\n\n<h4><span style=\"text-decoration: underline;\">Reinversiones:<\/span><\/h4>\n<p style=\"color: #003369; font-size: 20px;\">No se cuenta con reinversiones en los \u00faltimos a\u00f1os.<\/p>\n\n<h4><span style=\"text-decoration: underline;\">Donaciones:<\/span><\/h4>\n<p style=\"color: #003369; font-size: 20px;\">No se cuenta con donaciones en los ultimos a\u00f1os.<\/p>\n\n<h4><span style=\"text-decoration: underline;\">Obras de Infraestructura:<\/span><\/h4>\n<p style=\"color: #003369; font-size: 20px;\">No se cuenta con obras de infraestructura en los \u00faltimos a\u00f1os.<\/p>                    <\/div>\n\t\t                    <\/div>\n        <\/div>\n\t\t<\/div>\n\t\t\t\t<\/div>\n\t\t\t\t\t<\/div>\n\t\t<\/div>\n\t\t\t\t\t<\/div>\n\t\t<\/section>\n\t\t\t\t<\/div>\n\t\t","protected":false},"excerpt":{"rendered":"<p>Inversiones: No se cuenta con inversiones en los \u00faltimos a\u00f1os. Reinversiones: No se cuenta con reinversiones en los \u00faltimos a\u00f1os. Donaciones: No se cuenta con donaciones en los ultimos a\u00f1os. Obras de Infraestructura: No se cuenta con obras de infraestructura en los \u00faltimos a\u00f1os.<\/p>\n","protected":false},"author":1,"featured_media":0,"parent":0,"menu_order":0,"comment_status":"closed","ping_status":"closed","template":"elementor_header_footer","meta":{"footnotes":""},"class_list":["post-91799","page","type-page","status-publish","hentry"],"_links":{"self":[{"href":"https:\/\/iesjuli.edu.pe\/portal\/wp-json\/wp\/v2\/pages\/91799","targetHints":{"allow":["GET"]}}],"collection":[{"href":"https:\/\/iesjuli.edu.pe\/portal\/wp-json\/wp\/v2\/pages"}],"about":[{"href":"https:\/\/iesjuli.edu.pe\/portal\/wp-json\/wp\/v2\/types\/page"}],"author":[{"embeddable":true,"href":"https:\/\/iesjuli.edu.pe\/portal\/wp-json\/wp\/v2\/users\/1"}],"replies":[{"embeddable":true,"href":"https:\/\/iesjuli.edu.pe\/portal\/wp-json\/wp\/v2\/comments?post=91799"}],"version-history":[{"count":44,"href":"https:\/\/iesjuli.edu.pe\/portal\/wp-json\/wp\/v2\/pages\/91799\/revisions"}],"predecessor-version":[{"id":94974,"href":"https:\/\/iesjuli.edu.pe\/portal\/wp-json\/wp\/v2\/pages\/91799\/revisions\/94974"}],"wp:attachment":[{"href":"https:\/\/iesjuli.edu.pe\/portal\/wp-json\/wp\/v2\/media?parent=91799"}],"curies":[{"name":"wp","href":"https:\/\/api.w.org\/{rel}","templated":true}]}}